{"id":2382,"date":"2020-01-28T15:16:22","date_gmt":"2020-01-28T15:16:22","guid":{"rendered":"http:\/\/www.clea.mobi\/?page_id=3"},"modified":"2020-01-28T15:16:22","modified_gmt":"2020-01-28T15:16:22","slug":"privacy-policy-2","status":"publish","type":"page","link":"https:\/\/www.clea.mx\/appclea\/privacy-policy-2\/","title":{"rendered":"Pol\u00edticas de privacidad"},"content":{"rendered":"<p><strong>Pol\u00edticas de Privacidad<\/strong><\/p>\n<p>Esta pol\u00edtica tiene como objetivo asegurar la privacidad de los datos proporcionados por nuestros alumnos, exalumnos, egresados, colaboradores, proveedores y comunidad en general.<\/p>\n<p>Al usar los servicios o acceso a los sitios relacionados con el Colegio Latinoamericano de Educaci\u00f3n Avanzada, A.C. (Universidad del CLEA) usted est\u00e1 de acuerdo con la recopilaci\u00f3n, uso, transferencia y almacenamiento de su informaci\u00f3n personal y personal sensible, lo que significa que ha le\u00eddo, entendido y aceptado los t\u00e9rminos a continuaci\u00f3n expuestos.<\/p>\n<p><strong>Finalidad de la Informaci\u00f3n<\/strong><\/p>\n<p>El Colegio Latinoamericano de Educaci\u00f3n Avanzada, A.C. quien funge como persona moral responsable de los datos personales y datos personales sensibles, puede recabar para sus procesos acad\u00e9micos, administrativos y\/o de operaci\u00f3n su informaci\u00f3n que incluyen datos de identificaci\u00f3n, laborales, familiares, patrimoniales, acad\u00e9micos, migratorios, ideol\u00f3gicos, sociol\u00f3gicos, psicol\u00f3gicos, de salud, f\u00edsicos y biom\u00e9tricos.<\/p>\n<p>El Colegio Latinoamericano de Educaci\u00f3n Avanzada, A.C. observa los principios de confidencialidad, licitud, consentimiento, informaci\u00f3n, calidad, finalidad, lealtad, proporcionalidad y responsabilidad en la protecci\u00f3n de datos personales. Para que el Colegio Latinoamericano de Educaci\u00f3n Avanzada, A.C. obtenga sus datos personales, recaba el consentimiento previsto por la Ley Federal de Protecci\u00f3n de Datos Personales en Posesi\u00f3n de los Particulares (la Ley), salvo las excepciones previstas por la misma.<\/p>\n<p>Las siguientes finalidades son de car\u00e1cter general (tratamientos primarios) se dividen por el tipo de titular que se trate, siendo los \u201cTratamientos Acad\u00e9micos Generales\u201d aplicables a los aspirantes, alumnos, exalumnos y egresados, los \u201cTratamientos Administrativos Generales\u201d son aplicables a los docentes, trabajadores de confianza, trabajadores por honorarios y todos aquellos nos visiten.<\/p>\n<p><strong>Tratamientos Acad\u00e9micos<\/strong><\/p>\n<ol>\n<li>Prestaci\u00f3n de servicios acad\u00e9micos, dichos servicios podr\u00e1n variar dependiendo de la carrera, certificaci\u00f3n, diplomado o programa acad\u00e9mico al que el titular este adscrito,<\/li>\n<li>Procesos de Gesti\u00f3n Acad\u00e9mica,<\/li>\n<li>Procesos de Gesti\u00f3n Administrativa,<\/li>\n<li>Procesos de credencializaci\u00f3n de alumnos, exalumnos, docentes y personal administrativo,<\/li>\n<li>Programas, procesos, grupos y actividades de participaci\u00f3n y representaci\u00f3n estudiantil,<\/li>\n<li>Seguimiento y atenci\u00f3n de alumnos y exalumnos,<\/li>\n<li>Realizar intercambios acad\u00e9micos con universidades nacionales y extranjeras, as\u00ed como programas especiales a petici\u00f3n expresa de los titulares,<\/li>\n<li>Atenci\u00f3n, seguimiento, contacto, encuestas y servicios a egresados,<\/li>\n<li>Registro de acceso y asistencia,<\/li>\n<li>Procesos relacionados a encuestas y evaluaciones de servicios o productos,<\/li>\n<li>Ofrecer y promocionar vacantes de empleo a alumnos, egresados, exalumnos y candidatos externos,<br \/>\nBrindar y realizar actividades culturales y\/o acad\u00e9micas dentro y fuera la Instituci\u00f3n,<\/li>\n<li>Enviar informaci\u00f3n promocional de planes de estudios, diplomados, seminarios, cursos y eventos,<br \/>\nValidar, verificar estudios y sus periodos con terceros acreditados,<\/li>\n<li>Reconocer el historial acad\u00e9mico, trayectoria y logros profesionales de los alumnos, exalumnos y egresados<\/li>\n<li>Compartir o transferir los datos con terceros relacionados al v\u00ednculo entre el titular y el Colegio Latinoamericano de Educaci\u00f3n Avanzada, A.C., siempre que sean necesarios para la prestaci\u00f3n del servicio acad\u00e9mico y administrativo solicitado por el titular,<\/li>\n<li>Recolecci\u00f3n y publicaci\u00f3n de fotos en medios impresos(folletos, gacetas, revistas, peri\u00f3dicos, etc.) y electr\u00f3nicos(sitios web, redes sociales, etc.) de eventos acad\u00e9micos, administrativos y especiales,<\/li>\n<li>Elaboraci\u00f3n de encuestas, estad\u00edsticas, informes para uso exclusivo del Colegio Latinoamericano de Educaci\u00f3n Avanzada, A.C.<\/li>\n<li>Elaboraci\u00f3n de estad\u00edsticas e informes requeridos por las autoridades en M\u00e9xico y en el extranjero,<\/li>\n<li>Acreditar con terceros estudios, calificaciones, ex\u00e1menes y certificaciones que as\u00ed lo requieran,<\/li>\n<li>Habilitar los procesos de obtenci\u00f3n de grado (recolecci\u00f3n de informaci\u00f3n, aplicaci\u00f3n de ex\u00e1menes y env\u00edo de resultados<\/li>\n<li>Permitir al Colegio Latinoamericano de Educaci\u00f3n Avanzada, A.C., la acreditaci\u00f3n de programas acad\u00e9micos con terceros reconocidos, el ingreso y permanencia a Asociaciones y el establecimiento de convenios,<\/li>\n<li>Las clases, sesiones de trabajo, pr\u00e1cticas, eventos acad\u00e9micos, administrativos y especiales pueden ser grabadas y publicadas en la intranet y\/o internet.<\/li>\n<\/ol>\n<p><strong>Tratamientos Administrativos<\/strong><\/p>\n<ol>\n<li>Promoci\u00f3n de servicios relacionados al Colegio Latinoamericano de Educaci\u00f3n Avanzada, A.C.,<\/li>\n<li>Procesos de Gesti\u00f3n Administrativa,<\/li>\n<li>Procesos de credencializaci\u00f3n de alumnos, exalumnos, docentes y personal administrativo,<\/li>\n<li>Registro, seguimiento y atenci\u00f3n de visitantes, proveedores e invitados,<\/li>\n<li>Realizar intercambios administrativos con universidades nacionales y extranjeras, as\u00ed como programas especiales,<\/li>\n<li>Atenci\u00f3n, seguimiento, contacto, encuestas y servicios a colaboradores,<\/li>\n<li>Procesos relacionados a encuestas y evaluaciones de servicios o productos,<\/li>\n<li>Ofrecer y promocionar vacantes de empleo a alumnos, egresados, exalumnos y candidatos externos,<\/li>\n<li>Brindar y realizar actividades culturales y\/o acad\u00e9micas dentro y fuera la Instituci\u00f3n,<\/li>\n<li>Enviar informaci\u00f3n promocional de planes de estudios, diplomados, seminarios, cursos y eventos,<\/li>\n<li>Reconocer el historial, trayectoria y logros profesionales de los colaboradores,<\/li>\n<li>Recolecci\u00f3n y publicaci\u00f3n de fotos en medios impresos(folletos, gacetas, revistas, peri\u00f3dicos, etc.) y electr\u00f3nicos(sitios web, redes sociales, etc.) de eventos acad\u00e9micos, administrativos y especiales,<br \/>\n13. Validar y verificar la relaci\u00f3n laboral con terceros acreditados<\/li>\n<li>Elaboraci\u00f3n de encuestas, estad\u00edsticas, informes para uso exclusivo del Colegio Latinoamericano de Educaci\u00f3n Avanzada, A.C.<\/li>\n<li>Elaboraci\u00f3n de estad\u00edsticas e informes requeridos por las autoridades en M\u00e9xico y en el extranjero,<\/li>\n<li>Permitir al Colegio Latinoamericano de Educaci\u00f3n Avanzada, A.C., sus escuelas y sus facultades la acreditaci\u00f3n de programas acad\u00e9micos con terceros reconocidos, el ingreso y permanencia a Asociaciones y el establecimiento de convenios,<\/li>\n<\/ol>\n<p>Para la prestaci\u00f3n de servicios acad\u00e9micos y para los procesos de Gesti\u00f3n Acad\u00e9mica, el Colegio Latinoamericano de Educaci\u00f3n Avanzada, A.C. integra tareas de gesti\u00f3n escolar, admisiones y promoci\u00f3n de la oferta educativa, inscripciones, bajas y reinscripciones, procesos del ciclo escolar y obtenci\u00f3n de grado as\u00ed como acompa\u00f1amiento de profesores o tutores en el seguimiento de los ciclos escolares de los alumnos. Los procesos, tareas y actividades docentes para la informaci\u00f3n de calificaciones, depender\u00e1n del catedr\u00e1tico, pudiendo utilizar env\u00edo de correos electr\u00f3nicos, sitio web, propios de la instituci\u00f3n o aquellas que sean consideradas y acordadas entre los estudiantes y docentes.<\/p>\n<p>Los procesos acad\u00e9micos, administrativos y de operaci\u00f3n a distancia, conllevan la relaci\u00f3n y el necesario intercambio de informaci\u00f3n con el Sistema Educativo del Colegio Latinoamericano de Educaci\u00f3n Avanzada, A.C.; la Gesti\u00f3n Administrativa integra procesos y tareas de control interno, creaci\u00f3n y resguardo de expedientes de empleados, docentes, alumnos, egresados y exalumnos.<\/p>\n<p><strong>Limitaci\u00f3n de Uso y Divulgaci\u00f3n<\/strong><\/p>\n<p>El tratamiento de sus datos personales ser\u00e1 el que resulte necesario, adecuado y relevante en relaci\u00f3n con las finalidades previstas en esta Pol\u00edtica de Privacidad.<\/p>\n<p>El Colegio Latinoamericano de Educaci\u00f3n Avanzada, A.C., cumple los principios de protecci\u00f3n de datos personales establecidos por la Ley Federal de Protecci\u00f3n de Datos Personales en Posesi\u00f3n de los Particulares y adopta las medidas necesarias para su aplicaci\u00f3n. Lo anterior aplica a\u00fan y cuando estos datos fueren tratados por un tercero y con el fin de cubrir el servicio acad\u00e9mico o administrativo necesario, manteniendo la confidencialidad en todo momento. El Colegio Latinoamericano de Educaci\u00f3n Avanzada, A.C. toma las medidas necesarias y suficientes para procurar que esta Pol\u00edtica de Privacidad sea respetada, por \u00e9l o por terceros con los que guarde alguna relaci\u00f3n, para otorgar los servicios o productos establecidos con el titular.<\/p>\n<p>Este sitio web contiene enlaces a otros sitios web de redes asociadas, filiales o terceros, si usted accede a un hiperv\u00ednculo de esos sitios web, tenga en cuenta que estos pueden tener sus propias pol\u00edticas de privacidad y que el Colegio Latinoamericano de Educaci\u00f3n Avanzada, A.C. no acepta ninguna responsabilidad por esas pol\u00edticas, se recomienda que revise esas pol\u00edticas antes de enviar cualquier informaci\u00f3n personal a esos sitios web. La inclusi\u00f3n de cualquier v\u00ednculo a otros sitios web, no implica la aprobaci\u00f3n o adhesi\u00f3n por parte del Colegio Latinoamericano de Educaci\u00f3n Avanzada, A.C. a esas p\u00e1ginas o su contenido.<\/p>\n<p><strong>Derecho de los Titulares de Datos Personales<\/strong><\/p>\n<p>Cualquier titular o, en su caso, su representante legal podr\u00e1 ejercer los derechos de acceso, rectificaci\u00f3n, cancelaci\u00f3n y oposici\u00f3n, y el Colegio Latinoamericano de Educaci\u00f3n Avanzada, A.C. proveer\u00e1 los medios que le permita un oportuno ejercicio de sus derechos. El ejercicio de los derechos de acceso, rectificaci\u00f3n, cancelaci\u00f3n, oposici\u00f3n, limitaci\u00f3n de uso o la revocaci\u00f3n del consentimiento, podr\u00e1 solicitarse por escrito en el \u00e1rea de Direcci\u00f3n acad\u00e9mica, o al correo electr\u00f3nico:\u00a0dmoreno@clea.edu.mx<\/p>\n<p>La revocaci\u00f3n del consentimiento puede efectuarse en cualquier momento, sin que se atribuyan efectos retroactivos. Para iniciar el proceso de revocaci\u00f3n, deber\u00e1 indicar de forma precisa el consentimiento que desea revocar por escrito o al correo electr\u00f3nico: dmoreno@clea.edu.mx La solicitud, por escrito y\/o electr\u00f3nica, de acceso, rectificaci\u00f3n, cancelaci\u00f3n u oposici\u00f3n, deber\u00e1 contener y acompa\u00f1ar lo siguiente:<\/p>\n<ol>\n<li>Nombre del titular y domicilio u otro medio para comunicarle la respuesta a su solicitud,<\/li>\n<li>Documentos que acrediten la identidad o, en su caso, la representaci\u00f3n legal del titular,<\/li>\n<li>Descripci\u00f3n clara y precisa de los datos personales respecto de los que se busca ejercer alguno de los derechos antes mencionados, y<\/li>\n<li>Cualquier otro elemento o documento que facilite la localizaci\u00f3n de los datos personales,<\/li>\n<li>Para el caso de las solicitudes de rectificaci\u00f3n el titular deber\u00e1 indicar las modificaciones a realizarse y aportar la documentaci\u00f3n que sustente su petici\u00f3n<\/li>\n<\/ol>\n<p>El Colegio Latinoamericano de Educaci\u00f3n Avanzada, A.C., comunicar\u00e1 al titular en veinte d\u00edas h\u00e1biles, contados desde la fecha en que se recibi\u00f3 la solicitud de acceso, rectificaci\u00f3n, cancelaci\u00f3n u oposici\u00f3n, la determinaci\u00f3n adoptada a efecto de que, si resulta procedente, se haga efectiva la misma dentro de los quince d\u00edas siguientes a la fecha en que se comunica la respuesta. Trat\u00e1ndose de solicitudes de acceso a datos personales, proceder\u00e1 la entrega, previa acreditaci\u00f3n de la identidad del solicitante o representante legal, seg\u00fan corresponda. Los plazos, antes referidos, podr\u00e1n ser ampliados una sola vez por un periodo igual; siempre y cuando, as\u00ed lo justifiquen las circunstancias del caso.<\/p>\n<p>La obligaci\u00f3n, de acceso a la informaci\u00f3n, se dar\u00e1 por cumplida cuando se pongan a disposici\u00f3n del titular los datos personales; o bien, mediante la expedici\u00f3n de copias simples, documentos electr\u00f3nicos o cualquier otro medio que el Colegio Latinoamericano de Educaci\u00f3n Avanzada, A.C. \u00a0provea al titular.<\/p>\n<p>En el caso de que el titular solicite el acceso, a los datos, a una persona que presume es el responsable y \u00e9sta resulta no serlo, bastar\u00e1 con que as\u00ed se le indique al titular por cualquiera de los medios impresos (carta de no procedencia) o electr\u00f3nicos (correo electr\u00f3nico, medios \u00f3pticos, etc.), para tener por cumplida la solicitud.<\/p>\n<p>El Colegio Latinoamericano de Educaci\u00f3n Avanzada, A.C. podr\u00e1 negar el acceso a los datos personales, la rectificaci\u00f3n, cancelaci\u00f3n o concesi\u00f3n de la oposici\u00f3n al tratamiento de los mismos, en los siguientes supuestos:<\/p>\n<ol>\n<li>Cuando el solicitante no sea el titular de los datos personales, o el representante legal no est\u00e9 debidamente acreditado para ello;<\/li>\n<li>Cuando en su base de datos no se encuentren los datos personales del solicitante;<\/li>\n<li>Cuando se lesionen los derechos de un tercero;<\/li>\n<li>Cuando exista un impedimento legal, o la resoluci\u00f3n de una autoridad competente que restrinja el acceso a los datos personales o que no permita la rectificaci\u00f3n, cancelaci\u00f3n u oposici\u00f3n de los mismos;<\/li>\n<li>Cuando la rectificaci\u00f3n, cancelaci\u00f3n u oposici\u00f3n haya sido previamente realizada.<\/li>\n<\/ol>\n<p>El Colegio Latinoamericano de Educaci\u00f3n Avanzada, A.C. limitar\u00e1 el uso de los datos personales y datos personales sensibles a petici\u00f3n expresa del titular, y no estar\u00e1 obligada a cancelar los datos personales cuando:<\/p>\n<ol>\n<li>Se refiera a las partes de un contrato privado, social o administrativo, y sean necesarios para su desarrollo y cumplimiento;<\/li>\n<li>Deban ser tratados por disposici\u00f3n legal;<\/li>\n<li>Obstaculice actuaciones judiciales o administrativas vinculadas a obligaciones fiscales, la investigaci\u00f3n y persecuci\u00f3n de delitos, o la actualizaci\u00f3n de sanciones administrativas;<\/li>\n<li>Sean necesarios para proteger los intereses jur\u00eddicamente tutelados del titular;<\/li>\n<li>Sean necesarios para realizar una acci\u00f3n en funci\u00f3n del inter\u00e9s p\u00fablico;<\/li>\n<li>Sean necesarios para cumplir con una obligaci\u00f3n legalmente adquirida por el titular, o<\/li>\n<li>Sean objeto de tratamiento para la prevenci\u00f3n o el diagn\u00f3stico m\u00e9dico o la gesti\u00f3n de servicios de salud; siempre que dicho tratamiento se realice por un profesional de la salud sujeto a un deber de secreto.<\/li>\n<\/ol>\n<p>El cambio de la presente Pol\u00edtica de Privacidad podr\u00e1 efectuarse por esta Instituci\u00f3n en cualquier momento que se considere necesario ya sea por la incorporaci\u00f3n de nuevos servicios o necesidades de Ley, el cambio estar\u00e1 disponible en https:\/\/clea.edu.mx\/ Si el titular proporciona sus datos personales significa que ha le\u00eddo, entendido y aceptado los t\u00e9rminos antes expuestos.<\/p>\n<p><em>\u00daltima modificaci\u00f3n : 12 de agosto de 2021. v.1.<\/em><\/p>\n","protected":false},"excerpt":{"rendered":"<p>Pol\u00edticas de Privacidad Esta pol\u00edtica tiene como objetivo asegurar la privacidad de los datos proporcionados por nuestros alumnos, exalumnos, egresados, colaboradores, proveedores y comunidad en general.<span class=\"excerpt-hellip\"> [\u2026]<\/span><\/p>\n","protected":false},"author":1,"featured_media":0,"parent":0,"menu_order":0,"comment_status":"closed","ping_status":"open","template":"template-blank.php","meta":{"footnotes":""},"class_list":["post-2382","page","type-page","status-publish","hentry"],"_links":{"self":[{"href":"https:\/\/www.clea.mx\/appclea\/wp-json\/wp\/v2\/pages\/2382","targetHints":{"allow":["GET"]}}],"collection":[{"href":"https:\/\/www.clea.mx\/appclea\/wp-json\/wp\/v2\/pages"}],"about":[{"href":"https:\/\/www.clea.mx\/appclea\/wp-json\/wp\/v2\/types\/page"}],"author":[{"embeddable":true,"href":"https:\/\/www.clea.mx\/appclea\/wp-json\/wp\/v2\/users\/1"}],"replies":[{"embeddable":true,"href":"https:\/\/www.clea.mx\/appclea\/wp-json\/wp\/v2\/comments?post=2382"}],"version-history":[{"count":0,"href":"https:\/\/www.clea.mx\/appclea\/wp-json\/wp\/v2\/pages\/2382\/revisions"}],"wp:attachment":[{"href":"https:\/\/www.clea.mx\/appclea\/wp-json\/wp\/v2\/media?parent=2382"}],"curies":[{"name":"wp","href":"https:\/\/api.w.org\/{rel}","templated":true}]}}